ided by 564.
19
What is the remainder when 14852 is divided by 323?
317
Calculate the remainder when 15206 is divided by 90.
86
Calculate the remainder when 5204 is divided by 42.
38
Calculate the remainder when 5519 is divided by 69.
68
What is the remainder when 1076 is divided by 119?
5
Calculate the remainder when 203 is divided by 70.
63
Calculate the remainder when 1887 is divided by 266.
25
What is the remainder when 171 is divided by 58?
55
Calculate the remainder when 933 is divided by 78.
75
Calculate the remainder when 5011 is divided by 14.
13
What is the remainder when 447 is divided by 32?
31
Calculate the remainder when 165 is divided by 31.
10
Calculate the remainder when 2177 is divided by 364.
357
What is the remainder when 760 is divided by 247?
19
What is the remainder when 541 is divided by 137?
130
What is the remainder when 284 is divided by 32?
28
What is the remainder when 361 is divided by 26?
23
Calculate the remainder when 1322 is divided by 148.
138
What is the remainder when 1244 is divided by 178?
176
Calculate the remainder when 917 is divided by 106.
69
Calculate the remainder when 2114 is divided by 47.
46
What is the remainder when 3649 is divided by 1212?
13
What is the remainder when 2743 is divided by 56?
55
What is the remainder when 1774 is divided by 198?
190
Calculate the remainder when 24504 is divided by 169.
168
Calculate the remainder when 100 is divided by 23.
8
Calculate the remainder when 578 is divided by 58.
56
What is the remainder when 45 is divided by 7?
3
What is the remainder when 462 is divided by 5?
2
Calculate the remainder when 1551 is divided by 370.
71
Calculate the remainder when 1908 is divided by 147.
144
Calculate the remainder when 1739 is divided by 80.
59
What is the remainder when 186 is divided by 21?
18
Calculate the remainder when 119 is divided by 36.
11
What is the remainder when 737 is divided by 13?
9
What is the remainder when 37 is divided by 19?
18
Calculate the remainder when 85 is divided by 13.
7
What is the remainder when 205 is divided by 32?
13
Calculate the remainder when 1737 is divided by 60.
57
Calculate the remainder when 28 is divided by 13.
2
Calculate the remainder when 277 is divided by 31.
29
Calculate the remainder when 341 is divided by 23.
19
What is the remainder when 116 is divided by 41?
34
What is the remainder when 79 is divided by 22?
13
What is the remainder when 32 is divided by 13?
6
Calculate the remainder when 57 is divided by 17.
6
Calculate the remainder when 1641 is divided by 182.
3
Calculate the remainder when 26 is divided by 15.
11
What is the remainder when 193 is divided by 18?
13
Calculate the remainder when 1184 is divided by 63.
50
Calculate the remainder when 90 is divided by 46.
44
Calculate the remainder when 4751 is divided by 66.
65
Calculate the remainder when 242 is divided by 75.
17
What is the remainder when 265 is divided by 14?
13
What is the remainder when 109 is divided by 16?
13
Calculate the remainder when 733 is divided by 701.
32
What is the remainder when 133 is divided by 46?
41
What is the remainder when 116 is divided by 30?
26
Calculate the remainder when 1207 is divided by 39.
37
Calculate the remainder when 671 is divided by 9.
5
What is the remainder when 15079 is divided by 33?
31
What is the remainder when 83 is divided by 34?
15
What is the remainder when 732 is divided by 720?
12
Calculate the remainder when 684 is divided by 37.
18
Calculate the remainder when 1977 is divided by 22.
19
What is the remainder when 988 is divided by 33?
31
Calculate the remainder when 2701 is divided by 14.
13
What is the remainder when 765 is divided by 22?
17
Calculate the remainder when 25 is divided by 9.
7
Calculate the remainder when 2715 is divided by 97.
96
What is the remainder when 142 is divided by 113?
29
What is the remainder when 10197 is divided by 85?
82
Calculate the remainder when 412 is divided by 186.
40
Calculate the remainder when 512 is divided by 126.
8
What is the remainder when 232 is divided by 67?
31
What is the remainder when 5170 is divided by 344?
10
What is the remainder when 119 is divided by 4?
3
What is the remainder when 219 is divided by 66?
21
Calculate the remainder when 122 is divided by 28.
10
What is the remainder when 11 is divided by 4?
3
What is the remainder when 277 is divided by 4?
1
What is the remainder when 701 is divided by 99?
8
What is the remainder when 130 is divided by 126?
4
Calculate the remainder when 8598 is divided by 25.
23
What is the remainder when 943 is divided by 35?
33
What is the remainder when 300 is divided by 44?
36
What is the remainder when 1701 is divided by 142?
139
What is the remainder when 372 is divided by 80?
52
Calculate the remainder when 4362 is divided by 46.
38
Calculate the remainder when 186 is divided by 64.
58
What is the remainder when 3755 is divided by 418?
411
What is the remainder when 203 is divided by 92?
19
What is the remainder when 390 is divided by 101?
87
Calculate the remainder when 145 is divided by 30.
25
Calculate the remainder when 1289 is divided by 257.
4
Calculate the remainder when 282 is divided by 142.
140
Calculate the remainder when 441 is divided by 17.
16
What is the remainder when 2889 is divided by 17?
16
What is the remainder when 172 is divided by 8?
4
Calculate the remainder when 64 is divided by 27.
10
Calculate the remainder when 331 is divided by 47.
2
What is the remainder when 132 is divided by 18?
6
Calculate the remainder when 2626 is divided by 520.
26
Calculate the remainder when 34 is divided by 20.
14
Calculate the remainder when 91 is divided by 23.
22
Calculate the remainder when 1478 is divided by 29.
28
What is the remainder when 11 is divided by 6?
5
Calculate the remainder when 524 is divided by 17.
14
Calculate the remainder when 597 is divided by 145.
17
Calculate the remainder when 15 is divided by 3.
0
What is the remainder when 493 is divided by 62?
59
What is the remainder when 311 is divided by 107?
97
Calculate the remainder when 73 is divided by 17.
5
Calculate the remainder when 50 is divided by 39.
11
Calculate the remainder when 313 is divided by 9.
7
What is the remainder when 100 is divided by 34?
32
Calculate the remainder when 855 is divided by 107.
106
Calculate the remainder when 2318 is divided by 20.
18
What is the remainder when 1117 is divided by 70?
67
What is the remainder when 824 is divided by 166?
160
What is the remainder when 130 is divided by 6?
4
Calculate the remainder when 1704 is divided by 55.
54
Calculate the remainder when 6508 is divided by 17.
14
Calculate the remainder when 130 is divided by 6.
4
What is the remainder when 139 is divided by 70?
69
Calculate the remainder when 4563 is divided by 9.
0
What is the remainder when 466 is divided by 452?
14
Calculate the remainder when 158 is divided by 74.
10
Calculate the remainder when 76 is divided by 49.
27
Calculate the remainder when 1989 is divided by 199.
198
Calculate the remainder when 2162 is divided by 437.
414
What is the remainder when 219 is divided by 57?
48
Calculate the remainder when 88 is divided by 10.
8
Calculate the remainder when 786 is divided by 5.
1
Calculate the remainder when 28 is divided by 19.
9
Calculate the remainder when 198 is divided by 109.
89
What is the remainder when 595 is divided by 40?
35
Calculate the remainder when 186 is divided by 58.
12
Calculate the remainder when 629 is divided by 158.
155
Calculate the remainder when 937 is divided by 780.
157
Calculate the remainder when 1166 is divided by 195.
191
Calculate the remainder when 63 is divided by 57.
6
Calculate the remainder when 597 is divided by 15.
12
What is the remainder when 49794 is divided by 115?
114
What is the remainder when 4990 is divided by 64?
62
Calculate the remainder when 796 is divided by 24.
4
What is the remainder when 2729 is divided by 680?
9
What is the remainder when 62 is divided by 38?
24
What is the remainder when 1360 is divided by 130?
60
What is the remainder when 170 is divided by 16?
10
What is the remainder when 1199 is divided by 86?
81
What is the remainder when 241 is divided by 86?
69
Calculate the remainder when 370 is divided by 72.
10
What is the 